-11). Let y = -1 + n. List the prime factors of y.
3, 61
Suppose 1232 = -10*o + 4322. List the prime factors of o.
3, 103
Let t(g) = -2*g**2 + 2*g**2 - 8*g**2 + 10 + g**3 - 12*g - 6*g**2. What are the prime factors of t(15)?
5, 11
Let h(a) = a**2 - 3*a - 22. Let f(l) = l**2 - 8*l + 2. Let v be f(6). What are the prime factors of h(v)?
2, 3
Suppose -356 = 11*g - 7*g. Let t = -17 - g. What are the prime factors of t?
2, 3
Let i = -327 + 543. What are the prime factors of i?
2, 3
Suppose -c + 1906 + 1782 = -5*s, -3*s + 14821 = 4*c. What are the prime factors of c?
7, 23
Let u be (-275)/(-1) + -29 + 25. Let z = u + -144. Let t = z + -90. List the prime factors of t.
37
Let g(x) = 143*x - 87. What are the prime factors of g(9)?
2, 3, 5
Let p = -232 - -597. List the prime factors of p.
5, 73
Suppose k = p + 1321, 63 - 51 = 3*p. List the prime factors of k.
5, 53
Suppose 5*a = -3*m - 19, 3*a - m = -2*a - 27. List the prime factors of (1 - -13)*(0 - a).
2, 5, 7
Let q be (-10)/25*1*10. Let m(a) = a**3 + 3*a**2 - 5*a - 1. What are the prime factors of m(q)?
3
Suppose -2*n + 104 = -84. Let k = n - 46. List the prime factors of k.
2, 3
Suppose -4 = -2*x + 4*i, -28 = -2*x - i - i. Suppose x*w - 18 = 9*w. What are the prime factors of w?
2, 3
Let u = 15 + -11. Suppose -6*g + 146 = -u*g. What are the prime factors of g?
73
Let o(j) = j + 6. Let l be o(-4). Suppose -2*d = 3*d + 2*s + 19, -13 = 3*d + l*s. Let f(i) = -2*i**3 - 3*i**2 + 4*i - 1. What are the prime factors of f(d)?
2, 7
Let h(a) = -4*a**3 - 3*a + 1. Let u(y) = -3*y**3 - 2*y + 2. Let n(w) = -2*h(w) + 3*u(w). What are the prime factors of n(-3)?
31
Suppose -w + 6 = -3*w. Let o = 5 + w. Suppose -o*m - d = 2*m - 117, -m - 3*d = -32. List the prime factors of m.
29
Let f = -184 - -299. What are the prime factors of f?
5, 23
Let c(k) = 15*k + 6. Let v be c(-1). Let z(p) = p**3 + 12*p**2 + 13*p + 4. List the prime factors of z(v).
2, 5, 13
Let a = 10 + -7. Suppose -2*b - 3*r = -a*b + 15, -37 = -3*b + 5*r. List the prime factors of 7*3 + (11 - b).
23
Let a be 12/3*(12 + -1). Let n = -30 + a. Suppose 4*c - 142 = n. List the prime factors of c.
3, 13
Let x be 31/4 - (-39)/(-52). Suppose 2*g = x*g + 195. Let a = 68 + g. List the prime factors of a.
29
Suppose 0 = 7*u - 2*u - 2040. List the prime factors of u.
2, 3, 17
Let r = 189 + 283. List the prime factors of r.
2, 59
Suppose 4*k = 2*b - 3*b - 66, 0 = -b + 5*k - 30. Let d be (22/4)/((-25)/b). Suppose -3 = s - d. List the prime factors of s.
2
Let w(y) be the third derivative of -y**4/24 - y**3/6 + 7*y**2. Let b be w(-5). Suppose 0 = k - b*k + 147. What are the prime factors of k?
7
Let r be (1/3)/(3 + -2)*117. List the prime factors of (24/2 - 0)/(3/r).
2, 3, 13
Suppose -4*b + 43 = -317. Suppose 4*j = 138 + b. What are the prime factors of j?
3, 19
Let l(j) = 6*j - 7. Let n(h) = h - 1. Let g(y) = -2*l(y) + 14*n(y). Let k be -2 + 44/20 - (-34)/5. What are the prime factors of g(k)?
2, 7
Suppose 4*x - 3*p = 374, 2*x - 6*x - 5*p + 390 = 0. Suppose -2*j + x - 3 = -4*v, -100 = -2*j - 4*v. What are the prime factors of j + -2 + 1 + 2?
7
Suppose -2*x = -2*f, x + 32 = 3*f + 6*x. Suppose -4*s = -9*s + 10. What are the prime factors of (f - -3*s) + -2?
2
Let q be 1 - (6/(-3) + 1). Let d(b) = -q*b**2 - 4*b + b**3 - 5 + 0*b**3 + 5*b**2 + 2*b**2. List the prime factors of d(-4).
3
Let v = 84 + -23. What are the prime factors of v?
61
Suppose -7*v = -3*v - 4*x - 4, 5*v - 13 = -3*x. Suppose -4*n = 2*r - 3*r + 14, v*r + 4*n + 20 = 0. List the prime factors of (3/r)/((-3)/56).
2, 7
Suppose -4*t - x = -8*t + 4816, 2*t = 2*x + 2402. What are the prime factors of t?
5, 241
Let h = 2234 + -1396. List the prime factors of h.
2, 419
Let a(l) = -61*l**3 - 9*l**2 - 6*l + 9. What are the prime factors of a(-4)?
3793
Let g = 580 + -150. What are the prime factors of g?
2, 5, 43
Suppose -15 = 5*n, -3 = 2*w - 4*w - n. Suppose -2*a - w = 11. What are the prime factors of (-15)/(-2) + a/14?
7
Suppose -4*q - 4*i + 678 = -1182, 1420 = 3*q - 2*i. Let v = q + -257. List the prime factors of v.
3, 71
What are the prime factors of 9944/9 - ((-16)/(-18) + -1)?
5, 13, 17
Let b(l) = -105*l - 36. List the prime factors of b(-4).
2, 3
Let n be 4/((-20)/(-455))*4. Suppose -11*u + n = -4*u. What are the prime factors of u?
2, 13
Let b be 30/(-8)*2*(-2)/3. Suppose 143 = 3*m + b*n - 71, 4*n - 272 = -4*m. List the prime factors of m.
3, 7
Let b = 19 + 70. Let q = 156 - b. Let v = -26 + q. What are the prime factors of v?
41
Let n(j) = j**2 - 31*j + 148. Let s be n(0). Suppose 3*b + 2 + 4 = 0. What are the prime factors of 1/(b*(-2)/s)?
37
Suppose 8*x = 2547 + 1349. What are the prime factors of x?
487
Let k = 178 - 9. What are the prime factors of k?
13
Suppose 0 = -3*a - 2*v + 3*v + 17, -5*a + 2*v + 30 = 0. Suppose 0 = 2*r + a + 66. List the prime factors of 21/r + 23/5.
2
Let u(m) be the second derivative of m**3/6 + 31*m**2 - 6*m. Let b be u(0). Suppose -3*z + b + 4 = 0. List the prime factors of z.
2, 11
List the prime factors of (-78)/(-13) - (3 - 1) - -3454.
2, 7, 13, 19
Suppose 0 = b - 5*o - 30, b = 2*o + 20 - 5. Suppose -3*q - 3 = -39. Suppose 0 = -2*i + b*i - q. What are the prime factors of i?
2
Let d = -28 + 27. List the prime factors of (d/1)/(6/(-264)).
2, 11
Let h(i) = -i**3 - i**2 - 6. Let t be h(0). Let j be 306/12*(-4)/t. Suppose 21*l - j*l = 172. List the prime factors of l.
43
Suppose -10*s + 15*s - 100 = 0. Let x = s + -39. Let b = x - -32. List the prime factors of b.
13
Suppose -4*o = o - 525. Suppose -2*a = m - 89, 2*a + o = -4*m + 5*m. What are the prime factors of m?
97
Let c be (12/(-18))/(1/(-60)). What are the prime factors of ((-5456)/c)/(4/(-10))?
11, 31
Suppose -9*k + 10232 - 2501 = 0. List the prime factors of k.
859
Let t(i) = -2*i**2 - 2*i - 6. Let j be t(0). Let f = j - -70. List the prime factors of f.
2
Suppose -2*w + v - 1 - 3 = 0, 0 = -3*w + 3*v - 6. Let r be 3*(w - 116/12). Let f = -26 - r. List the prime factors of f.
3
What are the prime factors of 9/9 - 1 - -279?
3, 31
Let a = -4342 - -8207. List the prime factors of a.
5, 773
Let w(n) = 4*n**2 - 2*n + 1. Let y be w(2). Suppose -9*o + y*o - 104 = 0. List the prime factors of o.
2, 13
Let d = -357 + 594. List the prime factors of d.
3, 79
Let w(l) = l**3 - 4*l + 2. Let t be w(-4). Let c = -22 - t. Suppose 0 = -2*d - p - 0*p + c, 0 = -3*p - 12. List the prime factors of d.
2, 7
Suppose 0 = -19*n + 6*n + 1313. Let j(t) = -2*t**3 + 2*t + 1. Let z be j(-2). Suppose 3*y = n + z. What are the prime factors of y?
2, 19
Suppose 0 = -8*b + 3*b - 180. Let c be (b/42)/((-1)/35). What are the prime factors of 1046/c - (-8)/60?
5, 7
Let f(x) = x**2 + x - 6. Suppose 5*w - 10 = -0. Let m = 8 - w. What are the prime factors of f(m)?
2, 3
Let r(m) be the third derivative of m**4/3 - m**3/2 - 13*m**2. Let h(s) = -s - 4. Let y be h(-6). What are the prime factors of r(y)?
13
Let v(u) be the second derivative of -u**5/20 + u**4/4 + u**3 + 3*u**2/2 + u. Let d be v(5). Let r = -4 - d. List the prime factors of r.
13
Let d(g) be the second derivative of g**5/20 + g**4 + g**3/6 + 7*g**2 + 26*g. List the prime factors of d(-12).
2
Suppose -3*v = 2*h + 2 - 9, 3*h - 3*v - 18 = 0. Suppose -2*n = 8, 2*f + h*n + 26 = -0*f. What are the prime factors of (-115)/(-10) - f/2?
13
Suppose -125 = -2*k - 5*x, 0 = 4*k - x - 71 - 212. List the prime factors of k.
2, 5, 7
Let f(i) = 8*i - 22. Let j be f(4). Suppose -80 = 9*s - j*s. What are the prime factors of s?
2, 5
Suppose 7*a - 2*a = 20. Let f be 4/2 + (-2 - a). What are the prime factors of f/((18/16)/(-9))?
2
Let x = -57 + 59. List the prime factors of x/(-5) + (-4136)/(-40).
103
Let n be ((-3)/2)/3*-46. Suppose -5*l - 2*f + 90 = n, 0 = 5*l + 4*f - 69. List the prime factors of l.
13
Suppose -2*h = -2*k + 4692, -k - 20*h + 2350 = -25*h. List the prime factors of k.
5, 7, 67
What are the prime factors of (1/((-4)/778))/((-195)/390)?
389
Let a(b) be the second derivative of -b**5/20 - b**4/2 + b**3/6 - 7*b**2/2 - b. Let w(p) = p**2 + 23*p + 83. Let u be w(-18). List the prime factors of a(u).
5, 7
Let r(h) = -h**3 - 6*h**2 - 5*h + 4. Suppose 3*l = 5*l + 10. Let t be r(l). Suppose 0 = -b - t*b + 310. List the prime factors of b.
2, 31
Let v(r) be the third derivative of -r**6/120 + r**5/20 